
What is the units digit of 318312978?
8
What is the tens digit of 691457005?
0
What is the thousands digit of 55160406?
0
What is the hundred thousands digit of 557370388?
3
What is the units digit of 50839983?
3
What is the hundreds digit of 159159662?
6
What is the ten thousands digit of 4978453108?
5
What is the billions digit of 1455241445?
1
What is the units digit of 3251605785?
5
What is the hundreds digit of 706254756?
7
What is the units digit of 3354401000?
0
What is the hundred thousands digit of 169917680?
9
What is the units digit of 6208500283?
3
What is the millions digit of 1044437355?
4
What is the ten thousands digit of 616633248?
3
What is the ten thousands digit of 1876187963?
8
What is the millions digit of 33194080?
3
What is the millions digit of 1418327751?
8
What is the ten thousands digit of 56034536?
3
What is the hundred thousands digit of 159797580?
7
What is the tens digit of 43082499?
9
What is the units digit of 75631520?
0
What is the millions digit of 1079957671?
9
What is the thousands digit of 15210575?
0
What is the hundred thousands digit of 870271004?
2
What is the hundred millions digit of 982503104?
9
What is the thousands digit of 381222193?
2
What is the hundred thousands digit of 56877978?
8
What is the hundreds digit of 166509427?
4
What is the millions digit of 5121880338?
1
What is the units digit of 425332098?
8
What is the units digit of 100843979?
9
What is the millions digit of 531846402?
1
What is the hundred millions digit of 418136198?
4
What is the tens digit of 892958403?
0
What is the ten thousands digit of 15127578?
2
What is the units digit of 122433149?
9
What is the ten millions digit of 468045293?
6
What is the thousands digit of 81683231?
3
What is the ten millions digit of 931806276?
3
What is the units digit of 375860473?
3
What is the ten millions digit of 1074782144?
7
What is the ten thousands digit of 116581477?
8
What is the units digit of 89041154?
4
What is the units digit of 116511211?
1
What is the hundred thousands digit of 460948813?
9
What is the tens digit of 943606984?
8
What is the ten millions digit of 58647416?
5
What is the thousands digit of 114435396?
5
What is the thousands digit of 24289571?
9
What is the ten millions digit of 155833905?
5
What is the hundreds digit of 1543457893?
8
What is the tens digit of 7219345?
4
What is the thousands digit of 226899692?
9
What is the ten thousands digit of 1206952357?
5
What is the millions digit of 1479210905?
9
What is the units digit of 28822875?
5
What is the ten millions digit of 136464996?
3
What is the thousands digit of 61436920?
6
What is the billions digit of 1927014795?
1
What is the hundreds digit of 1341428813?
8
What is the ten thousands digit of 1815927941?
2
What is the thousands digit of 237317657?
7
What is the tens digit of 32870664?
6
What is the millions digit of 61775004?
1
What is the ten millions digit of 59539785?
5
What is the millions digit of 1423426634?
3
What is the hundred thousands digit of 251495556?
4
What is the ten millions digit of 180061697?
8
What is the hundred millions digit of 1757596075?
7
What is the ten millions digit of 452397782?
5
What is the tens digit of 11659542?
4
What is the millions digit of 770566394?
0
What is the ten thousands digit of 1958956606?
5
What is the thousands digit of 742883949?
3
What is the hundred thousands digit of 1729433000?
4
What is the millions digit of 35230513?
5
What is the hundreds digit of 1383827640?
6
What is the hundreds digit of 50129062?
0
What is the ten millions digit of 809082305?
0
What is the ten thousands digit of 651025120?
2
What is the millions digit of 977101625?
7
What is the ten thousands digit of 1046815828?
1
What is the ten millions digit of 870486485?
7
What is the ten millions digit of 15314611?
1
What is the hundred millions digit of 921324718?
9
What is the millions digit of 3393784140?
3
What is the millions digit of 66419206?
6
What is the tens digit of 87458797?
9
What is the millions digit of 998031158?
8
What is the thousands digit of 186245968?
5
What is the hundreds digit of 2345163005?
0
What is the units digit of 80345845?
5
What is the tens digit of 356661595?
9
What is the tens digit of 130445122?
2
What is the ten millions digit of 47345990?
4
What is the millions digit of 1867898172?
7
What is the hundred millions digit of 608959951?
6
What is the millions digit of 1116472051?
6
What is the hundreds digit of 2354290607?
6
What is the billions digit of 5608635353?
5
What is the hundreds digit of 1544561698?
6
What is the hundred millions digit of 2077565610?
0
What is the thousands digit of 69566227?
6
What is the units digit of 831078?
8
What is the tens digit of 62985896?
9
What is the thousands digit of 359312836?
2
What is the ten thousands digit of 50975703?
7
What is the hundred millions digit of 5519536896?
5
What is the ten thousands digit of 115631249?
3
What is the hundreds digit of 231879773?
7
What is the tens digit of 1535259796?
9
What is the hundred thousands digit of 44607162?
6
What is the units digit of 63398326?
6
What is the hundred millions digit of 1454939253?
4
What is the hundred millions digit of 2044315359?
0
What is the hundreds digit of 14049637?
6
What is the ten thousands digit of 2329996308?
9
What is the hundreds digit of 1271503727?
7
What is the hundreds digit of 86966815?
8
What is the millions digit of 178180160?
8
What is the ten thousands digit of 118925720?
2
What is the thousands digit of 3621451076?
1
What is the ten thousands digit of 205926104?
2
What is the hundred thousands digit of 53827811?
8
What is the thousands digit of 770737952?
7
What is the units digit of 21314790?
0
What is the ten millions digit of 625212041?
2
What is the thousands digit of 723707646?
7
What is the ten thousands digit of 3277441333?
4
What is the hundred thousands digit of 6933065?
9
What is the millions digit of 478932021?
8
What is the tens digit of 576225093?
9
What is the ten millions digit of 282481620?
8
What is the millions digit of 134904775?
4
What is the thousands digit of 447390999?
0
What is the ten millions digit of 34568412?
3
What is the hundreds digit of 227594320?
3
What is the thousands digit of 144086530?
6
What is the millions digit of 140563770?
0
What is the tens digit of 974051065?
6
What is the millions digit of 175572867?
5
What is the hundreds digit of 1432520287?
2
What is the hundred thousands digit of 122088650?
0
What is the millions digit of 146653825?
6
What is the units digit of 2536778484?
4
What is the ten thousands digit of 857249249?
4
What is the ten millions digit of 1068546190?
6
What is the units digit of 8629044?
4
What is the millions digit of 290688190?
0
What is the hundred thousands digit of 255261310?
2
What is the ten millions digit of 42673807?
4
What is the ten millions digit of 1774349595?
7
What is the hundred thousands digit of 173830168?
8
What is the millions digit of 17279035?
7
What is the units digit of 28760538?
8
What is the thousands digit of 1281284759?
4
What is the hundreds digit of 252080151?
1
What is the hundreds digit of 254238810?
8
What is the units digit of 1230406914?
4
What is the millions digit of 25767232?
5
What is the tens digit of 331780861?
6
What is the units digit of 48102882?
2
What is the thousands digit of 89503738?
3
What is the millions digit of 1899652314?
9
What is the hundred millions digit of 1049478983?
0
What is the thousands digit of 86311310?
1
What is the hundred thousands digit of 105410652?
4
What is the ten thousands digit of 221970555?
7
What is the ten millions digit of 3605229839?
0
What is the hundred thousands digit of 1521935803?
9
What is the tens digit of 51099288?
8
What is the thousands digit of 51382990?
2
What is the hundred thousands digit of 20713266?
7
What is the hundred thousands digit of 803626080?
6
What is the thousands digit of 685709659?
9
What is the hundred thousands digit of 10241162?
2
What is the tens digit of 61747133?
3
What is the tens digit of 675850262?
6
What is the tens digit of 1357389376?
7
What is the ten millions digit of 81512372?
8
What is the hundreds digit of 74313823?
8
What is the thousands digit of 50499132?
9
What is the ten thousa